s the highest common factor of 1574 and 2004489?
787
Calculate the highest common divisor of 78 and 716703.
39
What is the highest common factor of 145 and 809129?
29
Calculate the greatest common factor of 42309 and 27.
27
What is the highest common divisor of 8192 and 15872?
512
Calculate the greatest common factor of 75 and 423525.
75
Calculate the highest common divisor of 798 and 10206.
42
What is the highest common divisor of 47509 and 1309?
77
Calculate the greatest common divisor of 123556 and 790.
158
Calculate the greatest common factor of 13772 and 8316.
44
Calculate the greatest common factor of 122 and 52399.
61
Calculate the highest common factor of 229848 and 96.
24
What is the greatest common divisor of 16737 and 6405?
21
What is the greatest common divisor of 249 and 1830?
3
What is the highest common factor of 522 and 4662?
18
Calculate the highest common factor of 4356 and 231.
33
Calculate the greatest common factor of 4596 and 2064.
12
What is the highest common factor of 10897776 and 144?
144
Calculate the highest common divisor of 127116 and 2.
2
What is the greatest common factor of 336 and 2380?
28
What is the highest common divisor of 7705873 and 7?
7
Calculate the highest common factor of 135465 and 165.
165
Calculate the highest common factor of 15 and 3229385.
5
Calculate the highest common divisor of 159826 and 628.
314
What is the highest common factor of 4 and 80012?
4
Calculate the greatest common divisor of 441565 and 235.
235
What is the greatest common divisor of 308710 and 60?
10
Calculate the greatest common divisor of 20600 and 9785.
515
Calculate the greatest common divisor of 258191 and 95.
19
Calculate the highest common divisor of 29928 and 234264.
1032
Calculate the highest common divisor of 92149 and 4042.
43
What is the greatest common factor of 5425 and 2387?
217
Calculate the greatest common divisor of 1503 and 90.
9
What is the highest common divisor of 50 and 802?
2
Calculate the greatest common factor of 2055 and 10001.
137
Calculate the highest common factor of 2010 and 3636760.
670
What is the highest common factor of 1711 and 15930?
59
What is the highest common factor of 663282 and 173?
173
What is the greatest common factor of 7033 and 1079?
13
What is the highest common divisor of 41083 and 7?
7
What is the greatest common divisor of 24143 and 1015?
7
Calculate the greatest common divisor of 209 and 126578.
19
What is the greatest common factor of 2562 and 168?
42
Calculate the greatest common divisor of 16289 and 1456.
91
Calculate the greatest common factor of 4002 and 61770.
174
What is the greatest common divisor of 5260 and 577285?
1315
Calculate the greatest common divisor of 1092 and 1362.
6
Calculate the highest common factor of 1365 and 11445.
105
What is the highest common factor of 3392 and 2408?
8
What is the highest common divisor of 348 and 43239?
87
Calculate the greatest common divisor of 75 and 111255.
15
What is the greatest common factor of 956 and 3621328?
956
What is the greatest common factor of 1452 and 22116?
12
Calculate the highest common factor of 54 and 99090.
54
What is the highest common factor of 39 and 379977?
39
What is the greatest common factor of 1653 and 427842?
57
Calculate the highest common divisor of 4 and 540936.
4
Calculate the greatest common factor of 320100 and 1552.
388
What is the greatest common factor of 4991 and 57040?
713
Calculate the highest common divisor of 88 and 6787.
11
Calculate the highest common factor of 8800 and 5790.
10
Calculate the highest common divisor of 1075242 and 7.
7
What is the highest common divisor of 62457 and 436?
109
Calculate the greatest common factor of 218 and 1749668.
218
What is the greatest common divisor of 7266 and 2587907?
1211
What is the highest common factor of 40095 and 144045?
1485
Calculate the greatest common divisor of 871 and 195.
13
Calculate the highest common factor of 184 and 21666.
46
What is the highest common divisor of 71771 and 49?
7
Calculate the greatest common factor of 60 and 190724.
4
Calculate the highest common factor of 2400 and 87450.
150
What is the greatest common divisor of 14036 and 1892?
44
Calculate the greatest common divisor of 565 and 830437.
113
What is the highest common factor of 12997612 and 278?
278
What is the greatest common divisor of 296812 and 4?
4
What is the greatest common factor of 101025 and 171?
9
Calculate the greatest common factor of 290 and 61060.
10
What is the highest common factor of 7722 and 24219?
351
Calculate the highest common divisor of 49 and 89719.
49
Calculate the highest common divisor of 3604 and 680.
68
Calculate the highest common factor of 1878 and 4842.
6
What is the greatest common factor of 1572 and 1026?
6
What is the highest common divisor of 838362 and 84?
42
What is the greatest common divisor of 186 and 58125?
93
What is the highest common factor of 2633725 and 425?
425
What is the greatest common divisor of 13640620 and 1085?
1085
Calculate the highest common divisor of 27531 and 931.
133
What is the greatest common divisor of 25032 and 7?
7
Calculate the greatest common factor of 223797 and 21.
21
What is the greatest common factor of 130186 and 406?
14
What is the highest common factor of 4503 and 7979?
79
What is the highest common divisor of 30 and 238695?
15
What is the highest common factor of 56 and 6769?
7
What is the greatest common factor of 40 and 46740?
20
What is the highest common divisor of 46 and 1129?
1
What is the highest common divisor of 2259 and 4302?
9
What is the highest common divisor of 85759 and 191?
191
What is the highest common divisor of 325237 and 11?
11
Calculate the greatest common divisor of 9048 and 17922.
174
What is the highest common factor of 15584 and 45291?
487
What is the greatest common factor of 1015 and 76850?
145
What is the greatest common divisor of 37040 and 2160?
80
Calculate the highest common divisor of 304 and 110276.
76
What is the greatest common divisor of 395292 and 54?
6
What is the greatest common factor of 4900 and 43260?
140
What is the greatest common divisor of 9353 and 141?
47
Calculate the greatest common factor of 40930 and 470.
10
What is the greatest common divisor of 6080 and 285?
95
Calculate the highest common factor of 100719 and 279.
279
Calculate the highest common divisor of 45 and 24993.
9
Calculate the greatest common divisor of 78071 and 19.
19
What is the highest common divisor of 12179 and 133?
19
Calculate the greatest common factor of 1546209 and 36.
9
Calculate the greatest common factor of 5246 and 344.
86
Calculate the greatest common divisor of 705024 and 5984.
544
Calculate the greatest common divisor of 5425 and 5467.
7
Calculate the greatest common divisor of 3225 and 97050.
75
What is the highest common divisor of 492 and 42672?
12
What is the greatest common factor of 784 and 431690?
98
Calculate the greatest common factor of 243251 and 43.
43
What is the highest common factor of 629347 and 761?
761
What is the greatest common divisor of 6867 and 1972791?
981
What is the highest common divisor of 649 and 11269?
59
Calculate the greatest common divisor of 770 and 16765.
35
What is the greatest common divisor of 72143 and 494?
19
Calculate the greatest common factor of 869544 and 936.
936
What is the greatest common divisor of 29589 and 273?
21
What is the greatest common factor of 1264 and 1817?
79
What is the highest common factor of 720 and 67980?
60
Calculate the greatest common factor of 276 and 296769.
69
Calculate the greatest common factor of 35904 and 47634.
102
Calculate the greatest common divisor of 768 and 250752.
384
What is the highest common divisor of 41152 and 256?
64
Calculate the greatest common factor of 160 and 53408.
32
Calculate the highest common divisor of 112 and 510216.
56
What is the highest common factor of 731055 and 195?
195
Calculate the greatest common divisor of 126 and 56466.
18
Calculate the greatest common divisor of 127516 and 284.
284
Calculate the highest common factor of 635827 and 227.
227
Calculate the highest common divisor of 2340 and 20.
20
Calculate the greatest common factor of 17 and 222.
1
Calculate the highest common factor of 889 and 18923.
127
Calculate the greatest common 